divided by u.
18
Let h(d) = -71*d + 2. Calculate the remainder when h(-2) is divided by (-8 - -50) + 10/(-2).
33
Let u = -2492 + 2783. Calculate the remainder when 293 is divided by u.
2
Let o(n) = -43*n - 1240. Calculate the remainder when 592 is divided by o(-29).
4
Let v(f) = 2*f**2 - 29 - 12*f + 13*f + 28 - 27*f**3. What is the remainder when 77 + (-5)/((-5)/2) is divided by v(-1)?
25
Suppose 4*x + 4 = -28. Let a = 785 - 768. Calculate the remainder when 4/(x/(-166)) + 1 is divided by a.
16
Suppose 0 = -0*k - 4*k + 80. Calculate the remainder when (644/(-49))/((4/10)/((-777)/185)) is divided by k.
18
Let k(t) = 3*t**2 - 5*t + 2. Suppose 0 = -2*p - 8 + 26. Suppose -p*r + 29 + 565 = 0. Calculate the remainder when r is divided by k(3).
10
Let g(t) = 974*t**3 + 10*t**2 - 7*t - 2. What is the remainder when g(1) is divided by 39?
0
Let u = 160 + -144. Calculate the remainder when 589 is divided by u.
13
Let y(j) = -j**2 - 34*j - 76. Let i be y(-28). Let f = 157 - i. Suppose -g + 3*g = 36. What is the remainder when f is divided by g?
11
Let a be ((-6)/(-7))/((-21)/(-98)). Suppose -4*c = -3*p - 133, 37 = c + a*p - 6*p. Let n = 49 - c. What is the remainder when 88 is divided by n?
16
Let a(s) = 168*s - 220. Calculate the remainder when a(9) is divided by 189.
158
Let g = -3330 - -3404. Suppose -5*y + 3*y + 8 = 0. Suppose 2*k - z - 3*z = 34, 0 = 2*k + y*z - 18. Calculate the remainder when g is divided by k.
9
Let v(h) = 4*h + 144. Suppose -66*i + 3286 = -4*i. What is the remainder when v(18) is divided by i?
4
Suppose 39*a - 40*a = 2*q - 1756, -4*a = -3*q - 6991. What is the remainder when a is divided by 13?
8
Suppose 2*a = 21 + 3. Let q(n) = 14*n - 5*n - 2*n**2 - a*n - 16*n. Calculate the remainder when q(-8) is divided by 5.
4
Suppose -4*z - 2*o + 20 = 0, -2*z - 6*o + 22 = -2*o. Suppose -2*m - z*m = 10, 5*a = m + 77. Calculate the remainder when 192 is divided by a.
12
Suppose 0*k = k - 5*j - 11, -4*j = -3*k + 77. Calculate the remainder when 1265 is divided by k.
25
Let s = 7238 + -7179. What is the remainder when 100 is divided by s?
41
Let d = 559 - 502. Suppose 3*o + 251 = 5*w, -202 = -3*w - w + 2*o. Let m = -37 + w. What is the remainder when d is divided by m?
12
Suppose 0*u - 4*w = 5*u - 2, u = -w. Let f(v) = -2*v**u + 7 + 31*v - 21 + 3. What is the remainder when 5 is divided by f(15)?
1
Let b = 1129 + -56. Suppose -24*y + 103 = -b. What is the remainder when 440 is divided by y?
48
Calculate the remainder when (-14139)/(-45) + -3 + 76/20 is divided by 121.
73
Let j be (-12 + 706)/((-3)/(3/(-2))). Suppose -3*b + c + j = 0, -235 = -2*b - 7*c + 4*c. What is the remainder when b is divided by 43?
30
Let g(r) = -r**2 + r. Let t be g(0). Suppose -3352*s + 3360*s - 32 = 0. Suppose s*q + 4*q - 200 = t. What is the remainder when q is divided by 9?
7
Let m = -174 - -178. What is the remainder when 72 is divided by 232/m + -8 + 11?
11
Calculate the remainder when 5 + 5176/12 + (-64)/48 is divided by 89.
79
Let s(d) = -d**3 - 10*d**2 + 10*d - 1. Let y be s(-11). Suppose 11*j - 16*j = y. What is the remainder when 8/(j/8 - 77/(-196)) is divided by 23?
10
Let f(j) = 46*j**3 + 4*j**2 + 3*j - 5. What is the remainder when f(1) is divided by 4?
0
Let t(u) = -2*u**3 + 125*u**2 + 196*u - 239. Suppose -183 = 3*v - 4*v. Calculate the remainder when v is divided by t(64).
13
Suppose 1 = c - r - 10, -2*c + 5*r = -19. Let k = 26 - 23. Suppose -k*a + a + 4*s + 2 = 0, -a + 16 = 3*s. What is the remainder when c is divided by a?
5
Let f be ((-55)/(-20))/(1/4). Suppose w + p - f + 6 = 0, 4*w = p. Calculate the remainder when 3/w*(-208)/(-12) is divided by 11.
8
Suppose -3*i - 2*i = -900. What is the remainder when i is divided by (-230)/(-35) + -7 + (-492)/(-21)?
19
Suppose -10*m - 68 = -11*m. Let d be (2/2)/(-1)*0. Suppose d = -62*j + 58*j + m. Calculate the remainder when 66 is divided by j.
15
What is the remainder when 151 is divided by ((-18)/21)/((-9)/336)?
23
Suppose 146*s - 360 = 142*s - o, 2*s + 5*o - 198 = 0. What is the remainder when s is divided by 4?
1
Let y(l) = -l**3 + 10*l**2 + 10*l + 2. Let v(a) = -1293*a + 12948. Calculate the remainder when y(9) is divided by v(10).
11
Calculate the remainder when (-2)/(-16) + (-15315)/(-480)*12 is divided by 24.
23
Suppose -148 = 7*v - 1772. Calculate the remainder when 703 is divided by v.
7
Let y = 5 - 3. Suppose -y = i - 0, 4*i = -3*w + 112. Calculate the remainder when w is divided by 17.
6
Let z = -23 + 28. Suppose -q - 2*q + 5*w - 6 = 0, z*w = -2*q + 21. Let x(j) = 6*j + 4. Calculate the remainder when 87 is divided by x(q).
21
Let p(s) = -24*s - 460. Calculate the remainder when 208 is divided by p(-20).
8
Let s(z) = -30*z - 331. Let t be s(21). Let r = 1062 + t. Suppose -65 + 235 = 5*a. Calculate the remainder when r is divided by a.
33
Suppose -2*i - 2*l + 14 = 0, -2*i - 3*i + 4*l = 10. Let f be (i/5 + -1)/((-25)/(-125)). Calculate the remainder when (f/(-6))/((-7)/(-602)) is divided by 11.
10
Let s(w) = -2*w**2 + 11*w - 10. Let q = -96 - -100. Let z(x) = x**2 + 6*x + 7. What is the remainder when s(q) is divided by z(-5)?
0
Suppose 115 + 155 = 3*s. Let a be ((39/(-2))/(-3))/(7/154). Suppose a = 10*w + w. What is the remainder when s is divided by w?
12
Let y = -7 - -43. Suppose -10*r = -266 + y. Suppose 5*j - r + 3 = 0. Calculate the remainder when 13 is divided by j.
1
Let i(u) = -u**3 + 8*u**2 - 20*u. Let j be i(8). Let q = j + 175. What is the remainder when 87 is divided by q?
12
Let p(c) be the third derivative of c**4/8 - 23*c**3/6 - 77*c**2. Let z = -11 + 20. What is the remainder when 42 is divided by p(z)?
2
Suppose -5*i + 6*i - 35 = 4*z, 2*i = -5*z - 34. Let g(m) = m**3 + 7*m**2 - 10*m. What is the remainder when 22 is divided by g(z)?
6
Let o = 148 + -18. Suppose 11*y - 3 = 10*y. Suppose 4*d - l - 131 = -0*d, -30 = -d + y*l. Calculate the remainder when o is divided by d.
31
Suppose -26029 + 234184 = 15*n. What is the remainder when n is divided by 21?
17
Suppose 2*l = -2*h - 10, -h = 2*l + 6 + 4. Let v = 8 + h. Let y = 531 + -520. Calculate the remainder when y is divided by v.
3
Let s = -73 - -21. What is the remainder when 16/(-5)*(-30)/4 is divided by (s/(-12))/(-1)*-3?
11
Let m(y) = -25*y - 121. Let a be m(-5). Suppose 3*z - 170 = a*f, 7*z + 330 = 12*z + 5*f. What is the remainder when z is divided by 16?
14
Suppose -x = -3*b + x + 4, -2*b - 4*x = 24. Suppose 36 + 4 = 2*g. What is the remainder when b/16 - 8302/(-112) is divided by g?
14
Let q(c) be the second derivative of c**4/12 + 5*c**3/6 + 23*c**2/2 + c - 5. What is the remainder when q(0) is divided by 5?
3
Let c be (-6 - -1)*(-63)/(-45). Let y(i) = i**3 + 0*i - 9*i**2 + 18*i**2 + 18 + 7*i + i. What is the remainder when y(c) is divided by 16?
12
Let l = 7885 + -7848. What is the remainder when 139 is divided by l?
28
Let z be ((-35)/14)/(15/(-108)). Let j = 63 - z. What is the remainder when j is divided by 16?
13
Let b(n) = 58*n**2 + 9*n - 92. What is the remainder when b(4) is divided by 126?
116
Suppose -15 = -9*d + 4*d. Let t be 51 + (0/4 - 3). Suppose -4*w + 3*n = -n - t, -62 = -5*w + d*n. What is the remainder when 77 is divided by w?
12
Suppose -23*a = -17*a - 18. Suppose -2*b - a*j + 267 = 0, 680 = 5*b - 3*j - 2*j. What is the remainder when b is divided by 13?
5
Suppose 4*g + 3*r - 204 = 1055, -g - 4*r + 305 = 0. What is the remainder when g is divided by 122?
73
Let c = -37 + 151. What is the remainder when c is divided by 7?
2
Suppose 5*k - 10 = 0, -3*k + 2412 + 329 = 5*c. Calculate the remainder when c is divided by 179.
10
Let l = 48 + -37. Let u = -26 - -38. What is the remainder when 4/22 + 383/l is divided by u?
11
Let r = -7 + 16. Let u(f) = -2*f**3 + 42*f**2 + 4*f + 29. Calculate the remainder when u(21) is divided by r.
5
Calculate the remainder when 8/84 - (-61696)/1344 is divided by 19.
8
Let f be (6/5)/(9/(-855)). Let r be 34/12 + (-19)/f. Suppose 8*l = r*l + 70. Calculate the remainder when 40 is divided by l.
12
Suppose -5*w = 4*b - 25, -w + 4*b = 2 - 7. Suppose -3*h = -138*h + 1215. What is the remainder when h is divided by w?
4
Suppose p - 4*u - 26 = -p, 3*p - 11 = -u. Suppose -p*i + 10*h - 8*h = -213, 5*i - 185 = -5*h. What is the remainder when i is divided by 21?
20
Suppose -n - 4*h - 55 